= 42 - 10. Let b(v) = 15*v + 4. Let u be b(3). Let s = u - 17. Calculate the greatest common divisor of d and s.
16
Suppose 2*j - 20 + 8 = 0. Suppose -46 = -g + 3*l - j*l, -108 = -2*g + 2*l. Let t = -4 - -17. What is the greatest common divisor of t and g?
13
Let w(u) = u**2 - 10*u - 2. Let n be w(12). What is the highest common factor of 110 and n?
22
Let p = -8 + 15. Suppose -5*y - 4*k + 10 = 0, y - 5*k = 4*y + p. Let i = 45 - 21. Calculate the greatest common divisor of y and i.
6
Suppose 51 + 15 = t. What is the highest common divisor of t and 44?
22
Suppose 224 = -5*v + 3*v. Suppose -3*q + 621 = -3*b, 5*b + 1015 = 4*q - 3*q. Let c = v - b. Calculate the highest common factor of c and 10.
10
Let t(s) = -9*s + 11*s - 22*s - 11*s + 2. Let y be t(-2). Calculate the highest common divisor of y and 16.
16
Let g = 17 - -28. Calculate the highest common factor of 45 and g.
45
Suppose 0 = -4*m + 39 + 1. Let c = m + -6. Suppose -3*u + 0*h + 467 = -4*h, -c = 2*h. What is the greatest common divisor of 17 and u?
17
Let f = -7 - -9. Suppose -o - f = 8. Let r(n) = -n**2 - 11*n + 5. Let l be r(o). Calculate the greatest common factor of 135 and l.
15
Let c = 248 - -206. Suppose 0 = -5*x - 129 + c. Suppose 2*o - x = -1. Calculate the highest common divisor of 48 and o.
16
Suppose 7*u = -0*u + 294. What is the highest common divisor of 14 and u?
14
Suppose -7*r = -12*r. Suppose -3*k - 96 = -3*h - r, 4*h = -k + 108. Let x be 2/((-2 + 3)/7). What is the greatest common divisor of x and h?
14
Let f = 68 + -64. What is the greatest common factor of f and 32?
4
Suppose p = 5*g - 75, -2 = -2*p + 8. Calculate the greatest common divisor of 4 and g.
4
Suppose -4*t + 19 + 5 = 0. Suppose 0 = -3*y - 2*k + 12, 4*k + 45 = 5*y - k. What is the highest common divisor of y and t?
6
Let a(z) = -15*z**3 + 2*z + 1. Let h be a(-1). Let o be (-5)/(-30)*(6 + 0). Let d be 5 + (0 - (o - 3)). Calculate the greatest common factor of d and h.
7
Suppose -2*m + 8 + 6 = 0. Let f be (-6)/(-9) + 145/3. What is the greatest common divisor of f and m?
7
Suppose -5*z = -o - 2, -4*o + 0*o - z + 76 = 0. What is the highest common factor of o and 6?
6
Let i = -1 + 0. Let o be (-101)/(-2) + i/(-2). Let j = o + -23. What is the greatest common factor of 7 and j?
7
Let d be (-1)/4 + (-97)/(-4). Let c(k) = 2*k**3 + k**2 - k. Let s be c(2). Let l be s/8*96/18. Calculate the greatest common divisor of d and l.
12
Let s be ((-26)/8 - 0)*-4. Let b = -2 - 0. Let l(h) = 16*h**2 + h + 3. Let w be l(b). Calculate the greatest common factor of s and w.
13
Suppose -4*d + 13 = 3*n + 3, 4*n - 5 = 3*d. Suppose -3*i = -2*i - n. What is the highest common factor of i and 2?
2
Suppose -2*o + 3*o = 9. Let l(v) = -4*v**3 + 3*v + 1. Let t be l(-2). Calculate the highest common factor of t and o.
9
Suppose -2 - 22 = -2*a. What is the greatest common divisor of 4 and a?
4
Let w = 594 - 370. Calculate the greatest common divisor of 28 and w.
28
Let z(g) = 61*g**3 - g**2 - 13*g. Let i(k) = -15*k**3 + 3*k. Let o(m) = -9*i(m) - 2*z(m). Let d be o(1). What is the greatest common divisor of 126 and d?
14
Let s = 254 - -21. Suppose 4*p + 4*w - 252 = 0, -5*p + 0*p + 3*w + s = 0. What is the highest common factor of p and 29?
29
Suppose -24 = 3*q + 24. Let o be -2*(-10)/q*-76. What is the greatest common factor of o and 38?
19
Let q = 1996 - 1994. Let t be 2/(-8) + 25/4. Let c = t + -4. What is the greatest common factor of c and q?
2
Let r be 0 - (-11 - (-1 - -3)). Let m = 19 - r. Calculate the highest common factor of 18 and m.
6
Suppose 2 - 3 = -2*y + d, d - 11 = -2*y. Let u(p) = 5*p - 3. Let w be u(y). Let g = w - 1. Calculate the highest common divisor of 121 and g.
11
Let w(p) = p**2 + p. Let f be w(5). Suppose q - 2*r - 2 = 0, -3*q - 3*r + r = -22. Let o = f - q. Calculate the greatest common factor of 16 and o.
8
Suppose 5*a = 3*h + 13 - 64, 18 = 2*h + 2*a. Suppose 2 = -j + 3*j - 2*w, 5*j + 3*w - 29 = 0. Let x be 2/j*h*1. What is the greatest common divisor of 54 and x?
6
Suppose 5*p - 7 = 3. Suppose -3*b - 14 = -p*l + 11, 4*l - 5*b = 49. Calculate the greatest common factor of 99 and l.
11
Suppose -2*l - 4*a = -6*l + 80, -3*l + 58 = -4*a. Calculate the highest common divisor of 11 and l.
11
Let j be (-1)/(3/(2 - -1)). Let o(y) = -5*y - 1. Let x be o(j). Suppose 78 = 3*i - 4*n, -2*i - x*n = -24 - 48. What is the greatest common factor of 10 and i?
10
Let v = 123 + -24. Let a = v + -44. Calculate the greatest common divisor of 11 and a.
11
Let r = -43 + 89. Let j be 3 + r + (-2)/(-2). Suppose 82 = 4*t - o + 3*o, -3*t - 3*o + 63 = 0. Calculate the highest common divisor of t and j.
10
Let r = -136 - -144. What is the highest common divisor of 8 and r?
8
Let s be 1 - 9/7 - (-258)/21. What is the highest common factor of s and 36?
12
Let f be (-15)/9 + 1/(-3). Let g(d) = 13*d**3 - 3*d - 2. Let x be g(f). Let w = x - -262. What is the greatest common factor of 18 and w?
18
Let d be (-6)/(-4)*(-2 + -4). Suppose 0*p + 4*p = -96. Let y = d - p. What is the greatest common divisor of y and 15?
15
Suppose 5 = -b + 15. Suppose -380 = 2*c + 700. Let q be (3 + -2)/((-6)/c). Calculate the greatest common factor of q and b.
10
Suppose 45 = -4*m + 577. Calculate the greatest common divisor of 19 and m.
19
Let m(y) = -24*y - 4. Let l be m(-1). Suppose 5*z - 140 = -2*c, z = c + 4*c - 404. Calculate the highest common divisor of c and l.
20
Let h(x) = -x**3 + 9*x**2 - 8*x + 5. Let g be h(8). Let c = 30 - g. Calculate the greatest common factor of 5 and c.
5
Let z be (-36)/(2*(-3)/4). Calculate the greatest common factor of 120 and z.
24
Let v = 4 - 2. Let u be (-7 - -9) + v*6. Calculate the highest common divisor of 7 and u.
7
Suppose 0 = 2*k - 32. Let p be (k/(-20))/(1/(-30)). Calculate the greatest common factor of 60 and p.
12
Let s(c) = c**3 - 12*c**2 + 3*c - 10. Let k be s(12). What is the highest common divisor of k and 13?
13
Suppose 159 - 20 = 5*x - h, 0 = -x - 4*h + 32. Calculate the greatest common divisor of 70 and x.
14
Let h(u) = -u**2 - u + 1. Let m be h(-2). Let x be (m - 6/(-4))*44. Suppose -2*o + 5*t = o - 31, o = 4*t + x. Calculate the highest common divisor of 1 and o.
1
Suppose 3*h - 283 = -5*s + 6*h, 2*s - 109 = -3*h. What is the greatest common factor of s and 7?
7
Let f(u) be the third derivative of u**5/60 - u**4/6 - 2*u**3/3 - u**2. Let h be f(6). What is the highest common divisor of 40 and h?
8
Let m(t) = -t**3 + 6*t**2 + 9*t - 7. Let u be m(7). Suppose h = u - 1. Calculate the highest common factor of 2 and h.
2
Suppose r - 26 = -5*s + 12, -3*s - 3*r + 30 = 0. Let z(c) = -16*c - s*c - 1 + c + 2*c. Let f be z(-1). Calculate the greatest common factor of 95 and f.
19
Let o be (-9 - 1)*(-3)/2. Suppose 0 = -4*z + 4 - 0. Let q be -1 + z + 60*1. Calculate the greatest common divisor of o and q.
15
Let m(o) = -o**3 + 2*o**2 + 2*o - 1. Let y be m(-2). Suppose 2*p = 3*k + 25 - 192, -3*k - 4*p = -161. Calculate the greatest common factor of y and k.
11
Suppose -w - 18 = -4*w. Let n be (4/w)/(6/(-162)). Let o be 10/1 - n/6. What is the highest common divisor of o and 130?
13
Suppose 0*d = -2*d + 5*x + 40, -3*d = 2*x - 60. Let h(z) = 6*z**2 + z - 1. Let u be h(-3). What is the highest common factor of d and u?
10
Let g(r) be the first derivative of -r**2/2 - 9*r + 10. Let f be g(-10). What is the greatest common factor of 11 and f?
1
Suppose -4*l = -16, -3*f - 12 - 7 = -4*l. Let d(r) = 130*r**2 - r - 1. Let z be d(f). What is the greatest common divisor of z and 13?
13
Suppose 0 = -g - 3*g. Suppose 4*f + 0*f - 8 = g. Let w be f/7 + (-976)/(-14). Calculate the highest common factor of w and 10.
10
Suppose -2 + 0 = -2*v, -30 = -5*g + 5*v. What is the highest common divisor of g and 63?
7
Let i be 1780/50 - 6/10. Calculate the highest common factor of i and 5.
5
Suppose 0*q + 16 = -4*q, -3*f - 8 = 2*q. Suppose -38 = -3*v + x + 58, 2*v + 3*x - 64 = f. Calculate the highest common factor of 80 and v.
16
Let g(t) = -t**3 - 6*t**2 - 4*t + 3. Let b be g(-7). Calculate the highest common divisor of b and 5.
5
Let c be (37/(-3) + 1)*3. Let b = c - -17. Let z = b - -30. What is the highest common divisor of z and 104?
13
Let d(n) = n**3 + n**2 - n + 16. Let r be d(0). What is the greatest common divisor of r and 80?
16
Suppose